
Does 10 divide 29298?
False
Is 2643410 a multiple of 42?
False
Is 12348 a multiple of 18?
True
Is 3097723 a multiple of 17?
True
Is 287435 a multiple of 8?
False
Is 186688 a multiple of 406?
False
Is 1104046 a multiple of 214?
False
Is 37 a factor of 89503?
True
Is 7 a factor of 1386565?
False
Is 6970505 a multiple of 777?
False
Does 14 divide 140966?
True
Is 11 a factor of 901021?
True
Is 11004 a multiple of 84?
True
Is 10 a factor of 160550?
True
Is 1105494 a multiple of 395?
False
Is 106 a factor of 26288?
True
Is 111530 a multiple of 156?
False
Is 1197 a factor of 3381381?
False
Is 138844 a multiple of 10?
False
Does 120 divide 387842?
False
Is 604 a factor of 1318532?
True
Does 7 divide 169729?
True
Is 3702763 a multiple of 5?
False
Is 310 a factor of 789570?
True
Is 126 a factor of 155202?
False
Is 461624 a multiple of 8?
True
Is 11942364 a multiple of 204?
True
Is 9 a factor of 1881?
True
Does 15 divide 35385?
True
Is 1526277 a multiple of 889?
False
Does 776 divide 6769598?
False
Is 2 a factor of 1202047?
False
Is 15774 a multiple of 6?
True
Does 173 divide 52765?
True
Is 13 a factor of 100487?
False
Is 6 a factor of 174345?
False
Is 207894 a multiple of 45?
False
Is 28 a factor of 3400807?
False
Is 12541906 a multiple of 13?
True
Is 11 a factor of 7203545?
False
Does 12 divide 4521096?
True
Does 29 divide 176030?
True
Does 56 divide 3379821?
False
Is 4765528 a multiple of 8?
True
Is 342 a factor of 5575046?
False
Does 4 divide 6105642?
False
Is 17 a factor of 253129?
False
Is 49 a factor of 326585?
True
Is 25 a factor of 2372683?
False
Is 10358106 a multiple of 11?
True
Is 15066990 a multiple of 30?
True
Does 18 divide 3523878?
True
Is 35 a factor of 1069211?
False
Does 55 divide 1493241?
False
Is 38 a factor of 38038?
True
Does 5 divide 22520?
True
Is 101978 a multiple of 42?
False
Is 33 a factor of 1993827?
True
Is 423474 a multiple of 356?
False
Is 2353071 a multiple of 7?
True
Is 543456 a multiple of 9?
True
Is 99 a factor of 195860?
False
Is 20325250 a multiple of 550?
True
Does 22 divide 12808134?
False
Does 201 divide 96681?
True
Is 71775 a multiple of 33?
True
Is 466 a factor of 2195326?
True
Does 8 divide 11468528?
True
Does 22 divide 22362?
False
Does 6 divide 121620?
True
Is 34 a factor of 126990?
True
Is 60 a factor of 41828640?
True
Is 10 a factor of 253973?
False
Is 6810 a multiple of 10?
True
Is 185 a factor of 248640?
True
Is 17 a factor of 349895?
False
Is 208823 a multiple of 308?
False
Does 47 divide 15721124?
True
Does 8 divide 79584?
True
Does 84 divide 4687531?
False
Is 39 a factor of 602121?
True
Is 295 a factor of 29205?
True
Is 506 a factor of 382900?
False
Is 776736 a multiple of 696?
True
Is 88 a factor of 205314?
False
Is 1346994 a multiple of 230?
False
Is 5 a factor of 10777580?
True
Is 25 a factor of 306731?
False
Is 72030 a multiple of 147?
True
Is 22 a factor of 78703?
False
Is 5526096 a multiple of 12?
True
Is 520 a factor of 871520?
True
Does 61 divide 27350603?
False
Is 1970469 a multiple of 5?
False
Is 10286297 a multiple of 7?
True
Is 208 a factor of 3281104?
False
Does 20 divide 158560?
True
Is 6 a factor of 75157?
False
Is 268 a factor of 1254572?
False
Is 177 a factor of 235056?
True
Does 309 divide 80031?
True
Is 10257591 a multiple of 22?
False
Is 371096 a multiple of 200?
False
Is 131 a factor of 2963089?
True
Does 45 divide 5054064?
False
Is 208 a factor of 122512?
True
Does 94 divide 2506134?
True
Does 507 divide 694083?
True
Is 26 a factor of 637820?
False
Does 26 divide 4152?
False
Does 25 divide 1067014?
False
Does 13 divide 88738?
True
Is 3816162 a multiple of 511?
False
Is 33 a factor of 22935?
True
Is 32 a factor of 28109?
False
Is 981966 a multiple of 61?
False
Does 5 divide 129408?
False
Is 2556795 a multiple of 115?
True
Is 91 a factor of 253071?
True
Does 8 divide 565584?
True
Is 9 a factor of 2079330?
False
Is 14 a factor of 229208?
True
Does 431 divide 1499450?
False
Is 3682125 a multiple of 135?
True
Is 531046 a multiple of 389?
False
Does 32 divide 893739?
False
Is 2163525 a multiple of 105?
True
Is 228999 a multiple of 33?
False
Is 46 a factor of 77326?
True
Is 180 a factor of 394020?
True
Is 1632816 a multiple of 36?
True
Does 29 divide 10316197?
False
Is 94 a factor of 1381294?
False
Is 248 a factor of 224442?
False
Does 176 divide 186736?
True
Does 16 divide 44467136?
True
Does 240 divide 10986442?
False
Is 242342 a multiple of 154?
False
Is 1306260 a multiple of 45?
True
Does 26 divide 44928?
True
Does 10 divide 1420?
True
Does 78 divide 130806?
True
Is 23 a factor of 158746?
True
Is 1734525 a multiple of 45?
True
Is 257 a factor of 1058997?
False
Is 9 a factor of 120038?
False
Is 178 a factor of 22329?
False
Is 292 a factor of 676116?
False
Is 195835 a multiple of 53?
True
Is 87595 a multiple of 185?
False
Does 137 divide 1156417?
True
Is 43131 a multiple of 3?
True
Is 25900 a multiple of 100?
True
Is 388136 a multiple of 14?
True
Does 5 divide 114201?
False
Is 3 a factor of 224673?
True
Does 67 divide 15316899?
False
Does 63 divide 203175?
True
Does 19 divide 5000785?
False
Is 2095179 a multiple of 1671?
False
Does 8 divide 1870512?
True
Does 214 divide 279270?
True
Does 428 divide 163496?
True
Is 315265 a multiple of 13?
False
Is 1093840 a multiple of 22?
True
Is 12 a factor of 48792?
True
Is 9362820 a multiple of 191?
True
Is 635737 even?
False
Does 5 divide 18769?
False
Is 7556487 a multiple of 3?
True
Is 297 a factor of 532216?
False
Is 5 a factor of 156385?
True
Is 3 a factor of 2373388?
False
Is 11 a factor of 269969?
False
Is 35 a factor of 448420?
True
Is 38493 a multiple of 2?
False
Is 2314884 a multiple of 39?
True
Is 26953 a multiple of 3?
False
Is 1860388 a multiple of 118?
True
Does 70 divide 173223?
False
Does 47 divide 606879?
False
Is 666 a factor of 8667533?
False
Is 55 a factor of 78155?
True
Is 22 a factor of 1111242?
True
Is 17 a factor of 145369?
False
Does 100 divide 464057?
False
Is 503 a factor of 1674990?
True
Is 34618 a multiple of 241?
False
Is 22 a factor of 22353410?
False
Is 3473417 a multiple of 99?
False
Is 171 a factor of 142837?
False
Is 173110 a multiple of 65?
False
Is 1095 a factor of 1488105?
True
Is 12 a factor of 920107?
False
Is 1792190 a multiple of 134?
False
Does 11 divide 84158?
False
Is 295524 a multiple of 428?
False
Is 44267 a multiple of 32?
False
Is 8262221 a multiple of 253?
True
Is 34 a factor of 239292?
True
Is 2788184 a multiple of 56?
True
Is 13938898 a multiple of 15?
False
Is 145776 a multiple of 422?
False
Does 2 divide 31115?
False
Does 40 divide 2183640?
True
Is 120834 a multiple of 137?
True
Does 26 divide 1946646?
True
Is 86 a factor of 27004?
True
Does 6 divide 229187?
False
Does 8 divide 855965?
False
Is 10391466 a multiple of 293?
False
Does 32 divide 3710720?
True
Is 664435 a multiple of 11?
False
Does 324 divide 590328?
True
Does 59 divide 27022?
True
Is 31 a factor of 215233?
True
Does 84 divide 768448?
False
Is 80 a factor of 79040?
True
Is 9 a factor of 93655?
False
Is 338170 a multiple of 32?
False
Is 8 a factor of 13851?
False
Is 408 a factor of 1178702?
False
Does 4 divide 188816?
True
Is 309 a factor of 820429?
False
Is 94 a factor of 116278?
True
Does 14 divide 857096?
False
Does 499 divide 4202715?
False
Is 1040 a multiple of 130?
True
Is 173 a factor of 1776172?
False
Is 107 a factor of 1071819?
True
Is 96 a factor of 4016544?
True
Does 79 divide 1187696?
False
Is 14535 a multiple of 30?
False
Is 2052347 a multiple of 18?
False
Is 90134 a multiple of 17?
True
Is 4471302 a multiple of 77?
False
Is 232602 a multiple of 91?
False
Is 425 a factor of 184875?
True
Is 142163 a multiple of 23?
True
Is 241663 a multiple of 23?
False
Is 14 a factor of 13356?
True
Is 360481 a multiple of 11?
True
Does 42 divide 48970?
False
Is 6 a factor of 53110?
False
Does 133 divide 171753?
False
Is 245657 a multiple of 212?
False
Is 94689 a multiple of 640?
False
Does 440 divide 336160?
True
Is 9583016 a multiple of 6?
False
Does 21 divide 1006194?
True
Is 275 a factor of 2330625?
True
Is 90 a factor of 19170?
True
Does 230 divide 1142362?
False
Does 52 divide 25811604?
True
Is 153 a factor of 110507?
False
Is 4239340 a multiple of 70?
True
Does 163 divide 1874355?
False
Is 26525 a multiple of 4?
False
Is 28852